 = 0. What is the units digit of l?
2
Let k(b) = -2*b**3 - 12*b**2 - 8*b - 3. Let x = 11 - 17. Let f be k(x). Let u = f - -56. What is the hundreds digit of u?
1
Let i be 25/20*3*(-8)/(-2). Suppose p + 3*u = 21 + 2, -i = -p - 5*u. What is the hundreds digit of (-2)/(-10) - (-8 - 4123/p)?
1
Let y = -3350 - -5613. Let h = y - 1304. What is the hundreds digit of h?
9
Let u(o) = o**2 - 10*o + 3. Let k be u(10). Let f be (k + 2764/(-12))/(6/(-9)). Let b = -234 + f. What is the hundreds digit of b?
1
Let s = 12611 - 8224. Suppose -q + 2*g = -1098, -4*q + s = -4*g + g. What is the units digit of q?
6
Let r = -159 - -154. Let l(n) = 4*n**2 + 2*n + 10 - 6*n**2 + 3*n**2. What is the units digit of l(r)?
5
Let s = 53328 + -38060. What is the hundreds digit of s?
2
Let n = 4200 + 31286. What is the units digit of n?
6
Suppose -664 - 3571 = -77*g. What is the tens digit of g?
5
Let n(m) = -m**3 - 14*m**2 - 13*m + 4. Suppose -5*r = 4*r + 117. Let z be n(r). Suppose 4 + 8 = z*x. What is the units digit of x?
3
What is the hundreds digit of 3 + 3872 + -34 + 31?
8
Suppose 4573*j - 4568*j + 25259 = 2*n, -n + 5*j + 12632 = 0. What is the ten thousands digit of n?
1
Suppose 53226 = 14*t - 77142 - 18144. What is the tens digit of t?
0
Let m(z) = 43*z**3 - 18*z**2 - 43*z + 414. What is the ten thousands digit of m(9)?
2
Let m be (4 + -1)/(6/(-20)). Let p(x) be the second derivative of x**5/20 + x**4 + 7*x**3/6 - 11*x**2/2 + 3*x - 315. What is the units digit of p(m)?
9
Let f(y) be the second derivative of 7*y**3/6 + 7*y**2 + 8*y. Let i be f(-6). Let a = i + 70. What is the units digit of a?
2
Suppose 4*g = 2*t - 70, 2*t = -2*t - 3*g + 96. Suppose 5*z = t + 153. What is the units digit of z?
6
Suppose -h = 4, -26 + 40 = m - 3*h. Suppose -m*n + 3*d - 443 = -3299, 0 = -4*n + 2*d + 5712. What is the tens digit of n?
2
Let n = 474 - 214. What is the hundreds digit of (384/(-8))/((-15)/n)?
8
Let z = -82 + 85. Suppose 0 = z*a - 9. Suppose a*s = 15, -4*m + 261 = 4*s + s. What is the tens digit of m?
5
Suppose -5*c + 21*x + 128828 = 17*x, 0 = c - 5*x - 25753. What is the hundreds digit of c?
7
Let m be (18/(-5))/3*(-165)/9. Suppose m*t = 8*t + 5390. What is the tens digit of t?
8
Let g = 197384 - 103691. What is the units digit of g?
3
Suppose 2*t + 6*y - 3*y = 36, -16 = -4*y. Suppose 7*p - 3*r + 5004 = t*p, 3*r + 1008 = p. What is the tens digit of p?
0
Let r(p) be the first derivative of p**4/4 - 2*p**3/3 + p**2/2 - 6*p - 21. Let j be r(4). Let i = j - 28. What is the units digit of i?
2
Let z(w) = 2*w**3 + 23*w**2 + 10*w - 21. Let n be z(-11). Let h(g) = -2*g**3 - 6*g**2 + 2*g + 19. What is the thousands digit of h(n)?
1
Let c(x) = 0*x**2 - 1 + 4*x**2 + 5 + x**3 - 26*x. What is the units digit of c(4)?
8
Let x(m) be the second derivative of -4*m**3/3 + 122*m**2 + 103*m. What is the units digit of x(0)?
4
Suppose -71*g = 64*g - 591165. What is the units digit of g?
9
Suppose -4*a = -2*q - 66084, -61*a + 2*q = -62*a + 16531. What is the ten thousands digit of a?
1
Let g(o) = -o - o + 14*o - 12 + 7. Let d be g(8). Suppose -d + 18 = -q. What is the units digit of q?
3
Suppose -2*w = -0*w + 164. Let a be 9/(-2)*((-1365)/(-45) + -5). Let g = w - a. What is the units digit of g?
2
Suppose 25*x - 98872 - 48728 = 7*x. What is the tens digit of x?
0
What is the tens digit of (0 - -2 - 19005/10)/(16/(-32))?
9
Let u be 15*(-1 + 5/3). Let m(c) = -131*c - 254. Let i be m(-2). What is the tens digit of u*(-4)/i*-13?
6
Let a = 47369 + -31804. What is the hundreds digit of a?
5
Suppose 35 = 5*y + 45. Let u(b) = -28*b**3 - b**2 + 4*b + 4. Let v be u(y). Let f = v - 12. What is the tens digit of f?
0
Let f be (-2416)/6*(-9)/6. Let c = -245 + f. What is the units digit of c?
9
Suppose -342760 = -55*g + 17*g. Suppose 44*j - 28776 = g. What is the units digit of j?
9
Suppose 2*c + 2 = -3*j + j, -7 = 5*c + 3*j. Let a be (26/6)/(11 - (-22162)/(-2016)). What is the units digit of 2/(a/(-927)*-3 + c)?
3
Let h(s) = -10*s**2 - 1209*s + 48. What is the thousands digit of h(-33)?
9
What is the hundreds digit of (-16)/((-224)/(-6)) - 148056/(-14)?
5
Suppose 355*i + 2*i = 13051920. What is the hundreds digit of i?
5
Let p be 4 - (-4 - -8) - -2. Suppose 3*l - 2 = p*x - l, 5*l - 13 = -x. Suppose 71 = f - 2*c, 0 = -x*f + 7*c - 4*c + 228. What is the tens digit of f?
8
Let a = 23 - -1091. Suppose 5*i + x - a = -3*x, 669 = 3*i + 3*x. Suppose j - 3*j = -i. What is the units digit of j?
1
Let s(m) = 6*m**2 + 2*m - 4. Let f be s(-5). Let g(y) = -2*y**2 + 9*y + 3. Let a be g(4). Let j = a + f. What is the units digit of j?
3
Let s be 3/(12/148)*-8. Let r = -151 - s. What is the hundreds digit of r?
1
Suppose -o + 3879224 = 21*o + 75*o. What is the thousands digit of o?
9
Suppose -5*b + 4*x + 0*x - 131 = 0, 5*b + x + 111 = 0. Let q = b + 23. Suppose 120 = -q*y + 3*y - 3*r, -2*y + 68 = 2*r. What is the tens digit of y?
3
Let f(o) = -103*o + 14. Let j be f(-14). Suppose -1462*x = -j*x - 4680. What is the tens digit of x?
8
Let i(x) = -x**3 + 14*x**2 - 13*x - 12. Let s be i(11). Let c = 18 - s. Let b = -77 - c. What is the units digit of b?
3
Let d(r) = 125*r - 3. Let s(w) = 375*w - 8. Let m(v) = 7*d(v) - 2*s(v). What is the hundreds digit of m(3)?
3
Let f be 87/58 - ((-7933)/2)/1. Suppose 11*q = 27*q - f. What is the units digit of q?
8
Let y be 3 + (-51)/15 + (-96)/(-15). Suppose -7*m + 313 = -y*m. Suppose m = 3*w - 5*g, 4*w - 2*g - 679 = -243. What is the tens digit of w?
1
Let h be (-10 + 6)*2/(-4). What is the units digit of 9214/17 + (h - -3)?
7
Let n(a) = 3*a**2 + a**2 + 5*a**2 + 15 - 8*a**2 + 8*a. Let x be n(-6). Suppose -2*u + 370 = x*u. What is the tens digit of u?
7
Suppose 22*x - 23214 = 14670. What is the hundreds digit of x?
7
Let m(c) = c**3 + 4*c**2 + 5*c + 8. Let x be m(-8). Let t = x + -101. Let u = -271 - t. What is the hundreds digit of u?
1
Suppose 111*r - 175*r + 175744 = 0. What is the hundreds digit of r?
7
Suppose 0 = -d + 3*k + 8111, -19*d = -18*d + 3*k - 8081. What is the units digit of d?
6
Let z(k) = -18*k**3 - 4*k**2 - 17*k - 158. What is the tens digit of z(-11)?
0
Let y(n) = 2*n + 27. Let k be y(-12). Suppose v = 3*v - 2*h + 24, 5*v + 28 = -k*h. What is the tens digit of (-1028)/(-16) - 6/v?
6
Let k = -7067 + 30685. What is the thousands digit of k?
3
Let o = 909 + 4622. What is the hundreds digit of o?
5
Suppose 2*o = 18450 + 2276 - 2238. What is the thousands digit of o?
9
Suppose -104*m + 1426916 = 7*m + 349439. What is the tens digit of m?
0
Suppose 42*k + 7*k = 11*k + 1293330. What is the thousands digit of k?
4
Suppose 2*w - u = -3*u + 630, -1 = -u. Suppose 186 = 3*h - 3*k, -6*h - 3*k - w = -11*h. What is the tens digit of h?
6
Suppose -m + 34 = 32. Suppose 0 = m*h - 16 - 0. Suppose -11*r = -h*r - 306. What is the units digit of r?
2
Let t = -857 - -825. What is the units digit of -72*(t/6 - 4)?
2
Let f(k) be the first derivative of 7*k**4/4 + 2*k**3/3 + 4*k**2 - 1. Let j(p) be the second derivative of f(p). What is the tens digit of j(2)?
8
Let i = -89 - -89. Suppose 0*j + 3*j - 822 = i. What is the hundreds digit of j?
2
Let o(r) = -r**2 - 22*r - 84. Let g be o(-4). What is the tens digit of (-284)/g*(6 + 0)?
4
Let i = 11 + -18. Let u be (-1104)/(-56) + (-2)/i. What is the units digit of (-592)/20*u/(-8)?
4
Suppose 3*f - 11833 = 5*n - 1803, -3*n - 6018 = -3*f. Suppose 0 = -27*b + 4164 - 6. What is the tens digit of n/(-14) - 44/b?
4
Let i(f) = -f**3 - 9*f**2 - 25*f - 24. Let v be i(-17). Suppose 41*r - 854 = v. What is the units digit of r?
7
Let h be ((-8)/10)/(1*1/5). Let r be (-10)/(-4) - (-2)/h. Suppose 0 = -2*u - 3*d + 217, -2*u + d + 247 = -r*d. What is the units digit of u?
6
Let l(t) = -3528*t + 1067. What is the thousands digit of l(-5)?
8
Suppose 277680 = 43*u - 335715. What is the tens digit of u?
6
Let y be ((-52)/20 - (-2)/5)*-5. Let s(p) = 84*p**3 - y*p**3 + 2*p**2 - p + 6*p**3 + 37*p**3. What is the hundreds digit of s(1)?
1
Let k(x) = -10*x - 26. Let u(o) = -1. Let f(a) = k(a) - 2*u(a). Let l = -8297 - -8280. What is the tens digit of f(l)?
4
Let a(i) = 124*i**2 + 123*i - 10. What is the units digit of a(-9)?
7
Suppose -3*w + 3*m + 24573 = 0, -w + 7*m + 8181 = 11*m. What is the units digit of w?
9
Let k = 15508 - 7489. What is the units digit of k?
9
Supp